divided by 14.
11
Suppose 3*f = 5*n + 73, -5*n - 20 = -2*f + 32. What is the remainder when 104 is divided by f?
20
Let j(y) = -y**2 - 3*y + 2. Let w be j(-3). Let u(x) = -11*x**3 + 2*x**2 - x - 3. Calculate the remainder when (-1*2)/w - -32 is divided by u(-1).
9
Let v be (-2)/(-10) - (-8)/10. Calculate the remainder when v + 36 + 2 + 0 is divided by 10.
9
Let x = 8 - 4. Suppose 0 = 3*k - x - 14. What is the remainder when k is divided by 4?
2
Let d(m) = m. Let j be d(5). Let z(u) = 4*u**2 - 1 + u - u**3 - 7*u + 4*u**2. Calculate the remainder when z(j) is divided by 15.
14
Let y = -43 + 81. Suppose -q = q - y. What is the remainder when 73 is divided by q?
16
Let p = -10 + 20. What is the remainder when 17 is divided by p?
7
Suppose -32 = -2*m - 4*t, -2*m + t + 10 = -22. Calculate the remainder when 61 is divided by m.
13
Let b(y) be the second derivative of 5*y**4/12 - 2*y**3/3 + y**2/2 + 8*y. Suppose -5*f = -17 + 2. What is the remainder when b(f) is divided by 18?
16
Suppose 2*q + q - 84 = 0. What is the remainder when 83 is divided by q?
27
Let q(k) = 9*k**2 - 6 - 10*k**2 + 8*k - 16*k**2. Let m(b) = 9*b**2 - 4*b + 3. Let d(w) = -11*m(w) - 6*q(w). What is the remainder when 13 is divided by d(2)?
6
Suppose 110 = 5*m + 20. Calculate the remainder when m is divided by 10.
8
Let r be 14 + -3 + 0 + 3. Let t = r + -7. Let q(s) = -5*s - 1. Calculate the remainder when q(-4) is divided by t.
5
Suppose c - 3*h + 7 = 25, 3*h = 3*c - 54. What is the remainder when 53 is divided by c?
17
Let j = 178 - 121. Calculate the remainder when j is divided by 29.
28
Suppose 0*x + 3*y = 2*x - 10, 2*y = 4. What is the remainder when 36 is divided by x?
4
Let c(k) = 3*k - 7. Let j(p) = -p + 2. Let s(q) = -4*c(q) - 14*j(q). What is the remainder when 34 is divided by s(6)?
10
What is the remainder when 205 is divided by (104/(-12))/(-1 - (-10)/12)?
49
Suppose -5*y + 62 + 168 = 4*c, -5*c = -2*y - 271. Calculate the remainder when c is divided by 21.
13
Suppose -125 = -4*c + 115. Suppose 3*p - c = -2*p. Calculate the remainder when 22 is divided by p.
10
Let y = 11 + -1. Calculate the remainder when 14 is divided by y.
4
Let p(k) = -41*k - 14. Let z(y) = 14*y + 5. Let o(j) = -4*p(j) - 11*z(j). What is the remainder when o(4) is divided by (-2)/4*-26 - -1?
13
Suppose -2*o + 5*k + 55 = 0, 3*k - 30 = -3*o - 0*k. Let c be 48 - (1 + (2 - 2)). Suppose -c = -a - 4. What is the remainder when a is divided by o?
13
Suppose 5*c + 4*v = 3*c + 4, c - 4*v = 14. Suppose 0*k + 3*b + c = 3*k, -5*b + 20 = 0. Calculate the remainder when -6*((-20)/6)/2 is divided by k.
4
Let s = 18 - 1. Calculate the remainder when 31 is divided by s.
14
Suppose i = 2*k + 9, -5*i + k + 6 = -12. Suppose 4*b - 3*s = b, -i*b + 2*s = -4. Calculate the remainder when 6 is divided by b.
2
Let w(k) = -k**3 + 9*k**2 - 5*k - 2. What is the remainder when w(7) is divided by 16?
13
Let n be 2 + 2/(-4)*2. What is the remainder when 10 is divided by (-4)/2 + 6/n?
2
Calculate the remainder when 24 is divided by (-188)/(-20) + 6/10 + -1.
6
Let v(t) = t**3 + 19*t**2 + 16*t - 24. Suppose 21 = -0*d + 3*d. What is the remainder when v(-18) is divided by d?
5
Let c(g) = 3*g**2 - 7*g - 2. Suppose -5*n + 5*f + 81 = -9, -3*f = 3*n - 48. Suppose 5 + n = x. Calculate the remainder when c(6) is divided by x.
20
Let c(d) = d**3 + d + 2. Let g be c(0). Suppose -g*b + 3 = -31. Calculate the remainder when 48 is divided by b.
14
Suppose -16 = -3*u - u. Suppose 3*a - 24 = -3*r + u*a, 0 = -2*r + a + 17. Let g(f) = -f - 4. Calculate the remainder when r is divided by g(-7).
1
Let c(y) = y**3 - 5*y**2 - 3*y - 8. Calculate the remainder when ((-3)/(-2))/((-18)/(-336)) is divided by c(6).
8
Let q(d) = d**2 - 3*d - 5. Let x be q(-5). Let v = 61 - x. Let o = -14 + 23. Calculate the remainder when v is divided by o.
8
Suppose -5*h = 4*b + b - 65, 0 = 2*h + b - 23. Let n = h - -33. What is the remainder when n is divided by 1 + -1 - 15/(-1)?
13
Let l(w) = -w + 9. What is the remainder when 23 is divided by l(3)?
5
Suppose -3*o - o = -3*j - 439, -3*j = -o + 121. Calculate the remainder when o is divided by 36.
34
Let y be (-5)/((-10)/6) - 1. Suppose 0 = 7*p - y*p - 115. Let s = 74 + -29. What is the remainder when s is divided by p?
22
Let b(p) = -p**3 + 5*p**2 + 6*p - 6. What is the remainder when 94 is divided by b(5)?
22
Let b(q) = -q**3 - 8*q**2 - 2*q - 10. Suppose c + 4*c - 15 = 0. Suppose c*i - 39 = 9. Calculate the remainder when i is divided by b(-8).
4
Suppose f - 5*f = -168. Calculate the remainder when f is divided by 11.
9
Suppose -3 - 3 = -3*v. Suppose -3*j = -z + 27, -5*z + v*z + j = -97. Calculate the remainder when z is divided by 17.
16
Suppose 1 = b - 3. Suppose -2*w = -2*n + 8, -b*n - 3*w + 2*w + 6 = 0. Suppose -a = n*v - 21, -v + 11 - 1 = a. What is the remainder when 21 is divided by v?
10
Suppose -21 = -10*o + 9*o. What is the remainder when 83 is divided by o?
20
Suppose -4*w + 31 = -3*d, -3*w + 24 = -0*w - 3*d. Calculate the remainder when 27 is divided by w.
6
Let v = 72 - 44. Suppose 22*l - 24*l = -v. Let q = -13 + 67. Calculate the remainder when q is divided by l.
12
Let y = 39 + 30. What is the remainder when y is divided by 18?
15
Suppose 0 = -2*s + 4, 2*s + 0*s = -v + 25. Let t(r) = 14*r - 2. Calculate the remainder when v is divided by t(1).
9
Suppose 0 = -2*h + 2, 0 = -5*j + 5*h + 23 + 107. What is the remainder when j is divided by (6/(-12))/(2/(-60))?
12
Let q(f) = -29*f**3 - 2*f**2 - 2*f - 1. What is the remainder when 55 is divided by q(-1)?
27
Let j = -283 - -405. Calculate the remainder when j is divided by 25.
22
Let z be (-1)/(0 - (-1 - -2)). What is the remainder when 2 + (0 - -10*z) is divided by 5?
2
Let n(i) = 5*i + 2*i**2 - 5*i**2 - 4*i**2 + 2*i**3 - 1. Calculate the remainder when n(4) is divided by 9.
8
Let o = 5 + -20. Let y = -17 + 61. Calculate the remainder when y is divided by o/(0/(-1) + -1).
14
Let o be 0 + 0 + -3 + 5. Suppose -1 = x - 3, 0 = 4*m - o*x - 452. What is the remainder when m is divided by 29?
27
Let t(d) = d**3 + 2*d**2 + 2*d + 3. What is the remainder when 4 is divided by t(0)?
1
Let b = -55 + 82. Let h = 11 - -2. Calculate the remainder when b is divided by h + 0 + 0 + 1.
13
Let w = -6 + 11. Let j(h) = -5*h**2 - 2*h**3 + 1 + 3*h**3 + 3. Calculate the remainder when 10 is divided by j(w).
2
What is the remainder when 2 - (-66 + (-3)/3) is divided by 18?
15
Suppose -2*f + 5 = -f, 0 = 4*y - f - 47. What is the remainder when 168 is divided by y?
12
Calculate the remainder when 49 is divided by (-7)/((-14)/24) - -1.
10
Suppose 5*c = -4*a + c + 8, -2*a = 4*c + 4. Calculate the remainder when 11 is divided by a.
5
Let t(j) = 5*j**2 - j - 7. What is the remainder when t(-4) is divided by 13?
12
Let i = 34 - 20. Let f = 24 + -19. Calculate the remainder when i is divided by f.
4
What is the remainder when ((-34)/8 + 3)*-60 is divided by 13?
10
Suppose 0 = -5*m + 25, -c + 11 = 5*m - 10. Let l be c/6 + (-14)/6. Let r(x) = x**3 + 3*x**2 - 3*x - 2. Calculate the remainder when 13 is divided by r(l).
6
Let o = 176 - 174. Let k(l) = -4*l**3 + l**2 - l - 1. Suppose 5*z + 6 = -0*z + t, 2 = -4*z - 2*t. Calculate the remainder when k(z) is divided by o.
1
Suppose -2*n + 28 = 3*y, 3*n = 4*y + n - 14. Suppose -4*f = -2*f - 14. Suppose -f = -q + y. Calculate the remainder when q is divided by 5.
3
Let k(i) = -4*i + 3. Let z(s) = -s**2 - 14*s - 4. Let f be z(-14). Let y = -13 + 23. What is the remainder when k(f) is divided by y?
9
Let x(i) = -i**2 - i + 4. Let p be x(-7). Let m = 71 + p. What is the remainder when 129 is divided by m?
30
Let j(z) = 2*z**2 + z - 1. Let w be j(2). What is the remainder when (-6)/(w/(-3)) + 65 is divided by 17?
16
Suppose j - 2*y - 5 = 2*y, 0 = 5*y - 20. Let t = -8 + j. Calculate the remainder when 24 is divided by t.
11
Suppose r + 1 = 5. Calculate the remainder when 19 is divided by r/16 + 19/4.
4
Suppose -16 = 4*j, 4*f - 4*j - 164 = 80. Let z = f + -26. Calculate the remainder when z is divided by (-4)/6 - (-50)/3.
15
Let o = 18 + -5. What is the remainder when 35 is divided by o?
9
Let f be (12/14)/((-1)/(-14)). What is the remainder when 87*(-2)/f*-2 is divided by 15?
14
Suppose 4*t + 0 = -3*u - 4, -t - 10 = 3*u. Let m = 2 + t. Calculate the remainde